0200?
-211120222122
In base 7, what is -10615146 - -335?
-10614511
In base 2, what is 111001 + 111001111110011?
111010000101100
In base 12, what is 10 + 128b429?
128b439
In base 15, what is 42c3 + 17d?
4451
In base 13, what is -2a72b1 + c?
-2a72a2
In base 8, what is -650035 + -665?
-650722
In base 3, what is 1 - 2020021120012?
-2020021120011
In base 10, what is -518 + -14941?
-15459
In base 4, what is -2 - 10100001122112?
-10100001122120
In base 5, what is 2112420404 - -3?
2112420412
In base 5, what is -2011140013 + -3?
-2011140021
In base 11, what is 236a61 + 192?
237143
In base 11, what is -24177675 + 3?
-24177672
In base 2, what is -110110011011 - 1001000110101?
-1111111010000
In base 9, what is -3 + 12062356?
12062353
In base 11, what is 212 - 45769?
-45557
In base 4, what is -1 + 32312020202201?
32312020202200
In base 6, what is -41301524 + -501?
-41302425
In base 2, what is -10001011110101011110010 - -1000?
-10001011110101011101010
In base 11, what is -3759 - -1528?
-2231
In base 16, what is 4ec637 - d?
4ec62a
In base 11, what is 1 + 1412816?
1412817
In base 12, what is 3b0831 + -7?
3b0826
In base 12, what is 40b684 - -30?
40b6b4
In base 10, what is 635661 + -3?
635658
In base 13, what is 219c183 - 2?
219c181
In base 9, what is -2584 - 1343?
-4037
In base 6, what is 1403 + -12334033?
-12332230
In base 9, what is -504 + -518251?
-518755
In base 2, what is 101 - -1111011000011100111110111000?
1111011000011100111110111101
In base 13, what is 28c9b + 43?
29011
In base 7, what is 300013621 + -4?
300013614
In base 12, what is -294262aa - -4?
-294262a6
In base 4, what is -3 - 1123001322023?
-1123001322032
In base 12, what is 38b223 + -2?
38b221
In base 12, what is 294286866 + 3?
294286869
In base 4, what is -20300100 - -10200300?
-10033200
In base 6, what is -151554420 - 212?
-151555032
In base 5, what is 3003120422 - 10?
3003120412
In base 15, what is 2e8151 + 5?
2e8156
In base 12, what is -1491 + 17b4?
323
In base 9, what is 685 + -154016?
-153221
In base 6, what is 2 + -2542550443?
-2542550441
In base 4, what is -10 + 101100301012?
101100301002
In base 12, what is 636 - -3766?
41a0
In base 8, what is -124445224 + -2?
-124445226
In base 12, what is -64684305 + -4?
-64684309
In base 16, what is 19 - -2fef66?
2fef7f
In base 12, what is 55 + -12293?
-1223a
In base 2, what is 1 - 10101101010011101111001?
-10101101010011101111000
In base 9, what is 802 + 772748?
773651
In base 15, what is 17 - -6bc4?
6bdb
In base 3, what is 11022 - 22212111110?
-22212100011
In base 16, what is -21 + 118f52?
118f31
In base 8, what is -26113207 + -2?
-26113211
In base 14, what is -1 - 2790ac2?
-2790ac3
In base 16, what is -17 - 109?
-120
In base 5, what is -1202421340 - 1?
-1202421341
In base 12, what is -41b265 + -2?
-41b267
In base 12, what is 5a8a7a + 1?
5a8a7b
In base 9, what is -16 + 456265?
456248
In base 8, what is 6752554 + 2?
6752556
In base 3, what is -21221122 - -1011011?
-20210111
In base 11, what is -160587 - -58?
-16052a
In base 5, what is -4303 + -2024232?
-2034040
In base 9, what is 446736630 - -1?
446736631
In base 9, what is -15 - 766420?
-766435
In base 8, what is -307627 + -10?
-307637
In base 5, what is 2214 - -203412200?
203414414
In base 2, what is 1 + -1110001111010000010100011?
-1110001111010000010100010
In base 6, what is 524543040 - 24?
524543012
In base 16, what is 4 - 3c355?
-3c351
In base 5, what is -3 - -110312240140?
110312240132
In base 8, what is -1 - -137766774?
137766773
In base 8, what is 152 + 4742306?
4742460
In base 8, what is -11327626 - -4?
-11327622
In base 8, what is 2 - -230545506?
230545510
In base 4, what is -11003 - 20310202233?
-20310213302
In base 15, what is -2378996 - 7?
-237899d
In base 7, what is 112 - 64063451?
-64063336
In base 8, what is -254417 - 33433?
-310052
In base 4, what is 203030230313 + 11?
203030230330
In base 13, what is 138b3 - -1a99?
1567c
In base 11, what is -1a4690 + -536?
-1a5116
In base 14, what is 5c6b75 - -b2?
5c6c47
In base 13, what is -6 - 1b51b65?
-1b51b6b
In base 9, what is 22 + 436664?
436686
In base 14, what is 177b + -97a?
c01
In base 7, what is -20264 + -131146?
-151443
In base 2, what is -101001 + 110001100000010110?
110001011111101101
In base 2, what is -110101110 - 100110110110001110110?
-100110110111000100100
In base 8, what is -136405 + 1767?
-134416
In base 15, what is 4716 - 336?
43d0
In base 8, what is 2 + 1065354?
1065356
In base 15, what is -12 + 824d0?
824bd
In base 3, what is -201112002020 - 20?
-201112002110
In base 12, what is 0 + 3b82ab?
3b82ab
In base 15, what is 61934 - 10?
61924
In base 9, what is -405748 + -16?
-405765
In base 16, what is -3 - 490a51?
-490a54
In base 9, what is -28732431 - 3?
-28732434
In base 5, what is -34214001302 + 10?
-34214001242
In base 5, what is 10414021 - -4441?
10424012
In base 2, what is -100 + 10001000010101110011110?
10001000010101110011010
In base 3, what is 1010002020202 + -120202?
1010001200000
In base 12, what is -4 - -1442441?
1442439
In base 3, what is 102 + 12001020002222000?
12001020002222102
In base 10, what is 13816 - -290?
14106
In base 6, what is -1012 + -11300010?
-11301022
In base 11, what is 1 - 1649a434?
-1649a433
In base 12, what is -4 - b17bb?
-b1803
In base 13, what is -65 + -1a45c4?
-1a4659
In base 5, what is 300413220320 + -3?
300413220312
In base 5, what is -4041 - 224032?
-233123
In base 12, what is -73a4572 - -3?
-73a456b
In base 15, what is -18b + 2d31?
2b95
In base 6, what is -20 + 52343503?
52343443
In base 13, what is 835b862 + -1?
835b861
In base 10, what is 85 + -43467?
-43382
In base 9, what is 1465222562 + -1?
1465222561
In base 5, what is 32 + -22224423?
-22224341
In base 5, what is 412 + 231331211?
231332123
In base 9, what is 2535626 - 37?
2535578
In base 12, what is -142261590 + -1?
-142261591
In base 9, what is -3100 + -2060?
-5160
In base 10, what is -31590686 - -58?
-31590628
In base 2, what is -1001001 + -10100111010110001?
-10100111011111010
In base 16, what is -3 + 2c8b74?
2c8b71
In base 10, what is 4 - 28195158?
-28195154
In base 16, what is -36a8 - d0?
-3778
In base 10, what is 19444126 - 5?
19444121
In base 8, what is 140465 - -240?
140725
In base 10, what is -2694813 - -2?
-2694811
In base 13, what is -2b82b0 + 1?
-2b82ac
In base 10, what is 4989 + 7101?
12090
In base 3, what is -221022210 - -12010?
-221010200
In base 15, what is -4b + 51d7?
518b
In base 16, what is 1257f37c - -5?
1257f381
In base 12, what is -32363 - 121?
-32484
In base 5, what is 13 - 110032300?
-110032232
In base 6, what is 12122 + 220?
12342
In base 7, what is -636514 + 6544?
-626640
In base 15, what is -2bb + -208da?
-20ba6
In base 4, what is -22131 + 1130322?
1102131
In base 16, what is -1458 - d57?
-21af
In base 16, what is -13 - -cbfa6?
cbf93
In base 13, what is -1 - 576076?
-576077
In base 8, what is -1 - -27304310?
27304307
In base 9, what is -22064737 + -6?
-22064744
In base 7, what is 116005542313 + 2?
116005542315
In base 2, what is 11001101111 + 11100001011011000?
11100100101000111
In base 12, what is 72 + -12b27a7?
-12b2735
In base 2, what is -101 + -1110001010011010110010111?
-1110001010011010110011100
In base 2, what is -10010 - 101001100101011000?
-101001100101101010
In base 10, what is 2308225 + 10?
2308235
In base 7, what is 4130501 - -6?
4130510
In base 2, what is -100010011001101101011 + -11011?
-100010011001110000110
In base 7, what is 1104626101 + -4?
1104626064
In base 12, what is -3947 + b43?
-2a04
In base 10, what is 3 - -843741?
843744
In base 10, what is -318 + -21389?
-21707
In base 8, what is 5 - -62333172?
62333177
In base 13, what is 393 + 1138ca?
113c90
In base 10, what is -439800 + 18?
-439782
In base 7, what is -60343 - 2024?
-62400
In base 2, what is 10001100011100101011001111110 - -101?
10001100011100101011010000011
In base 12, what is -4ba - 11b2a5?
-11b7a3
In base 2, what is 11 - -1100111101110100010000000?
1100111101110100010000011
In base 11, what is -1 - 112a53?
-112a54
In base 14, what is -49 - 1a5cca?
-1a5d35
In base 4, what is 122221 + -210200300?
-210012013
In base 4, what is -1201100302 - -11?
-1201100231
In base 11, what is 85aaa + -17?
85a93
In base 7, what is 6560 + -24124?
-14234
In base 12, what is a7821 + b5?
a7916
In base 16, what is -5078932 - -3?
-507892f
In bas